{"id":34,"date":"2020-04-15T15:07:55","date_gmt":"2020-04-15T15:07:55","guid":{"rendered":"https:\/\/kbv-opr.de\/?page_id=34"},"modified":"2020-05-12T12:22:25","modified_gmt":"2020-05-12T12:22:25","slug":"aufgaben","status":"publish","type":"page","link":"https:\/\/kbv-opr.de\/?page_id=34","title":{"rendered":"Aufgaben"},"content":{"rendered":"\n<p>Die Aufgabenstruktur des Kreisbauernverbandes Ostprignitz-Ruppin e.V. ist vielf\u00e4ltig.<\/p>\n\n\n\n<p>In der Gesch\u00e4ftsstelle des Kreisbauernverbandes Ostprignitz-Ruppin e.V. erhalten Verbandsmitglieder rechtliche<br>Beratung, die agrarsoziale Beratung f\u00fcr die gesamte Region der Prignitz wird hier<br>durchgef\u00fchrt.<\/p>\n\n\n\n<p>Einen engen Kontakt h\u00e4lt der Kreisbauernverband Ostprignitz-Ruppin e.V. zu den Landsenioren, deren T\u00e4tigkeiten durch die Gesch\u00e4ftsstelle unterst\u00fctzt werden. Die Mitglieder werden aktuell \u00fcber Fragen der Agrarpolitik informiert. In Winterschulungen und Fachgespr\u00e4chen wird ein umfangreiches Wissensspektrum angeboten.<\/p>\n\n\n\n<p>Der Kreisbauernverband Ostprignitz-Ruppin e.V. nimmt die Stellung als Tr\u00e4ger \u00f6ffentlicher Belange f\u00fcr die Landwirtschaft wahr.<\/p>\n\n\n\n<p>Hierbei erfolgen u.a. Stellungnahmen zu folgenden Schwerpunkten: Grundst\u00fccksverkehrsgesetzt, Bodenordnungsverfahren, Stra\u00dfenbau, Energiekonzepte, Gew\u00e4sserentwicklungskonzepte und zur Regionalplanung.<\/p>\n\n\n\n<p>Der Kreisbauernverband Ostprignitz-Ruppin e.V. wirkt aktiv und erfolgreich bei der Interessenvertretung der<br>Landwirte und des l\u00e4ndlichen Raumes bei Ausweisung von Landschaftsschutzgebieten und Naturschutzgebieten im Sinne eines kooperativen Naturschutzes mit.Auch auf dem Gebiet der Kommunalpolitik ist der Kreisbauernverband Ostprignitz-Ruppin e.V. aktiv.<\/p>\n\n\n\n<p>Der Kreisbauernverband Ostprignitz-Ruppin e.V. ist Ansprechpartner, wenn es um die Landwirtschaft in der Region geht. Gerne vermitteln wir hierf\u00fcr auch Pressanfragen, Betriebsbesichtigungen und \u00e4hnliches an unsere Mitglieder. <\/p>\n\n\n\n<p>Seit mehreren Legislaturperioden wirken Mitglieder des Kreisbauernverbandes Ostprignitz-Ruppin e.V.  als Abgeordnete der W\u00e4hlergemeinschaft Kreisbauernverband im Kreistag mit. Abgeordnet in Stadt- und Gemeindeparlamenten bringen sich f\u00fcr die Interessen der Landwirte und des l\u00e4ndlichen Raumes ein. Zur Gestaltung unserer Region sind Mitglieder des Kreisbauernverbandes aktiv und bestimmend in der Regionalentwicklung Ostprignitz-Ruppin e.V. t\u00e4tig.<\/p>\n","protected":false},"excerpt":{"rendered":"<p>Die Aufgabenstruktur des Kreisbauernverbandes Ostprignitz-Ruppin e.V. ist vielf\u00e4ltig. In der Gesch\u00e4ftsstelle des Kreisbauernverbandes Ostprignitz-Ruppin e.V. erhalten Verbandsmitglieder rechtlicheBeratung, die agrarsoziale Beratung f\u00fcr die gesamte Region der Prignitz wird hierdurchgef\u00fchrt. Einen engen Kontakt h\u00e4lt der Kreisbauernverband Ostprignitz-Ruppin e.V. zu den Landsenioren, deren T\u00e4tigkeiten durch die Gesch\u00e4ftsstelle unterst\u00fctzt werden. Die Mitglieder werden aktuell \u00fcber Fragen der Agrarpolitik &hellip; <\/p>\n<p class=\"link-more\"><a href=\"https:\/\/kbv-opr.de\/?page_id=34\" class=\"more-link\"><span class=\"screen-reader-text\">\u201eAufgaben\u201c<\/span> weiterlesen<\/a><\/p>\n","protected":false},"author":1,"featured_media":197,"parent":0,"menu_order":0,"comment_status":"closed","ping_status":"closed","template":"","meta":{"footnotes":""},"class_list":["post-34","page","type-page","status-publish","has-post-thumbnail","hentry"],"_links":{"self":[{"href":"https:\/\/kbv-opr.de\/index.php?rest_route=\/wp\/v2\/pages\/34","targetHints":{"allow":["GET"]}}],"collection":[{"href":"https:\/\/kbv-opr.de\/index.php?rest_route=\/wp\/v2\/pages"}],"about":[{"href":"https:\/\/kbv-opr.de\/index.php?rest_route=\/wp\/v2\/types\/page"}],"author":[{"embeddable":true,"href":"https:\/\/kbv-opr.de\/index.php?rest_route=\/wp\/v2\/users\/1"}],"replies":[{"embeddable":true,"href":"https:\/\/kbv-opr.de\/index.php?rest_route=%2Fwp%2Fv2%2Fcomments&post=34"}],"version-history":[{"count":5,"href":"https:\/\/kbv-opr.de\/index.php?rest_route=\/wp\/v2\/pages\/34\/revisions"}],"predecessor-version":[{"id":240,"href":"https:\/\/kbv-opr.de\/index.php?rest_route=\/wp\/v2\/pages\/34\/revisions\/240"}],"wp:featuredmedia":[{"embeddable":true,"href":"https:\/\/kbv-opr.de\/index.php?rest_route=\/wp\/v2\/media\/197"}],"wp:attachment":[{"href":"https:\/\/kbv-opr.de\/index.php?rest_route=%2Fwp%2Fv2%2Fmedia&parent=34"}],"curies":[{"name":"wp","href":"https:\/\/api.w.org\/{rel}","templated":true}]}}