{"id":49,"date":"2020-04-15T15:48:32","date_gmt":"2020-04-15T15:48:32","guid":{"rendered":"https:\/\/kbv-opr.de\/?page_id=49"},"modified":"2020-08-21T13:35:19","modified_gmt":"2020-08-21T13:35:19","slug":"verband","status":"publish","type":"page","link":"https:\/\/kbv-opr.de\/?page_id=49","title":{"rendered":"Verband"},"content":{"rendered":"\n<p>Der Kreisbauernverband Ostprignitz-Ruppin e.V. ist die berufsst\u00e4ndische Vertretung der Landwirte und ihrer Betriebe in Ostprignitz-Ruppin, unabh\u00e4ngig von ihrer jeweiligen Betriebsgr\u00f6\u00dfe und Rechtsform.<\/p>\n\n\n\n<p>Der Kreisbauernverband  Ostprignitz-Ruppin e.V. ist eine von bundesweit 300 Organisationen, die in insgesamt 18 Landesbauernverb\u00e4nden organisiert sind. Alle zusammen sind \u00fcber den Deutschen Bauernverband e.V. miteinander verbunden.&nbsp;&nbsp;<\/p>\n\n\n\n<p>\u00dcber den <a rel=\"noreferrer noopener\" href=\"http:\/\/www.lbv-brandenburg.de\/\" target=\"_blank\">Landesbauernverband Brandenburg <\/a>und den <a rel=\"noreferrer noopener\" href=\"http:\/\/www.bauernverband.de\/\" target=\"_blank\">Deutschen Bauernverband<\/a> besteht ein ausgepr\u00e4gtes Netzwerk auf Landes-, Bundes- und EU-Ebene. Dort werden die verschiedensten gesetzgeberischen Verfahren begleitet.<\/p>\n\n\n\n<figure class=\"wp-block-image size-large is-resized\"><img loading=\"lazy\" decoding=\"async\" src=\"https:\/\/kbv-opr.de\/wp-content\/uploads\/2020\/05\/20190415_150956-1024x768.jpg\" alt=\"\" class=\"wp-image-164\" width=\"804\" height=\"603\" srcset=\"https:\/\/kbv-opr.de\/wp-content\/uploads\/2020\/05\/20190415_150956-1024x768.jpg 1024w, https:\/\/kbv-opr.de\/wp-content\/uploads\/2020\/05\/20190415_150956-300x225.jpg 300w, https:\/\/kbv-opr.de\/wp-content\/uploads\/2020\/05\/20190415_150956-768x576.jpg 768w, https:\/\/kbv-opr.de\/wp-content\/uploads\/2020\/05\/20190415_150956-1536x1152.jpg 1536w, https:\/\/kbv-opr.de\/wp-content\/uploads\/2020\/05\/20190415_150956-2048x1536.jpg 2048w\" sizes=\"auto, (max-width: 767px) 89vw, (max-width: 1000px) 54vw, (max-width: 1071px) 543px, 580px\" \/><figcaption>Laga Wittstock 2019 (Foto Mundry)<\/figcaption><\/figure>\n","protected":false},"excerpt":{"rendered":"<p>Der Kreisbauernverband Ostprignitz-Ruppin e.V. ist die berufsst\u00e4ndische Vertretung der Landwirte und ihrer Betriebe in Ostprignitz-Ruppin, unabh\u00e4ngig von ihrer jeweiligen Betriebsgr\u00f6\u00dfe und Rechtsform. Der Kreisbauernverband Ostprignitz-Ruppin e.V. ist eine von bundesweit 300 Organisationen, die in insgesamt 18 Landesbauernverb\u00e4nden organisiert sind. Alle zusammen sind \u00fcber den Deutschen Bauernverband e.V. miteinander verbunden.&nbsp;&nbsp; \u00dcber den Landesbauernverband Brandenburg und den &hellip; <\/p>\n<p class=\"link-more\"><a href=\"https:\/\/kbv-opr.de\/?page_id=49\" class=\"more-link\"><span class=\"screen-reader-text\">\u201eVerband\u201c<\/span> weiterlesen<\/a><\/p>\n","protected":false},"author":1,"featured_media":265,"parent":0,"menu_order":0,"comment_status":"closed","ping_status":"closed","template":"","meta":{"footnotes":""},"class_list":["post-49","page","type-page","status-publish","has-post-thumbnail","hentry"],"_links":{"self":[{"href":"https:\/\/kbv-opr.de\/index.php?rest_route=\/wp\/v2\/pages\/49","targetHints":{"allow":["GET"]}}],"collection":[{"href":"https:\/\/kbv-opr.de\/index.php?rest_route=\/wp\/v2\/pages"}],"about":[{"href":"https:\/\/kbv-opr.de\/index.php?rest_route=\/wp\/v2\/types\/page"}],"author":[{"embeddable":true,"href":"https:\/\/kbv-opr.de\/index.php?rest_route=\/wp\/v2\/users\/1"}],"replies":[{"embeddable":true,"href":"https:\/\/kbv-opr.de\/index.php?rest_route=%2Fwp%2Fv2%2Fcomments&post=49"}],"version-history":[{"count":7,"href":"https:\/\/kbv-opr.de\/index.php?rest_route=\/wp\/v2\/pages\/49\/revisions"}],"predecessor-version":[{"id":267,"href":"https:\/\/kbv-opr.de\/index.php?rest_route=\/wp\/v2\/pages\/49\/revisions\/267"}],"wp:featuredmedia":[{"embeddable":true,"href":"https:\/\/kbv-opr.de\/index.php?rest_route=\/wp\/v2\/media\/265"}],"wp:attachment":[{"href":"https:\/\/kbv-opr.de\/index.php?rest_route=%2Fwp%2Fv2%2Fmedia&parent=49"}],"curies":[{"name":"wp","href":"https:\/\/api.w.org\/{rel}","templated":true}]}}